. Calculate b(14).
11
Let u(x) = -x**3 - 21*x**2 - 63*x - 157. What is u(-18)?
5
Let z(d) = 6*d**3 - 3*d**2 + 18*d - 16. Determine z(1).
5
Let w(c) = -2*c**3 - 27*c**2 - 37*c - 42. Give w(-12).
-30
Let l(h) = h**3 + 211*h**2 - 860*h - 7. What is l(4)?
-7
Let g(v) = 279*v**3 - 4*v**2 + 4*v - 4. What is g(1)?
275
Let w(u) = -19*u**2 - 19*u - 4. Calculate w(4).
-384
Let m(d) = 19*d + 873. What is m(-46)?
-1
Let r(h) = h**2 + 121*h - 35. Calculate r(0).
-35
Let n(d) = -3*d**2 + 66*d - 108. Give n(26).
-420
Let l(y) = 5*y + 457. What is l(-32)?
297
Let r(n) = -7*n**2 + 68*n + 12. What is r(10)?
-8
Let z(n) = -n**3 + 10*n**2 + 9*n - 22. Calculate z(11).
-44
Let a(h) = 82*h**2 + 2*h - 3. What is a(1)?
81
Let u(n) = -n**3 - 23*n**2 + 81*n + 85. Give u(-26).
7
Let c(i) = 24*i + 49. Determine c(-4).
-47
Let q(u) = 2*u**3 + 38*u**2 + 29*u - 127. Calculate q(-18).
-1
Let f(h) = -2*h**3 + 16*h**2 + 7*h - 33. Give f(8).
23
Let k(z) = -z**3 + 34*z**2 + 159*z - 52. Give k(38).
214
Let k(p) = p**2 - 123*p + 3749. Calculate k(67).
-3
Let q(f) = -3*f**2 - 4592*f + 9189. Give q(2).
-7
Let f(l) = -2*l**2 + 31*l + 2. Determine f(12).
86
Let l(v) = 23*v + 149. Give l(1).
172
Let k(m) = -2600*m + 12982. Give k(5).
-18
Let m(f) = 159*f**2 + 21*f + 20. What is m(-1)?
158
Let s(t) = t**2 + 25*t + 54. What is s(-21)?
-30
Let q(u) = -u**2 - 72*u + 1970. What is q(-93)?
17
Let f(o) = o**3 - 10*o**2 + 17*o - 183. Calculate f(9).
-111
Let r(c) = 269*c - 23384. Calculate r(87).
19
Let s(v) = v**3 + 28*v**2 - 24*v + 30. Determine s(-29).
-115
Let r(u) = -u**2 + 32*u - 150. Determine r(24).
42
Let x(p) = -p**3 + 20*p**2 - p - 21. Determine x(20).
-41
Let r(l) = 4*l**2 + 21*l - 18. What is r(-11)?
235
Let u(l) = 2*l**2 + 106*l - 29. Give u(-54).
79
Let q(i) = 9*i**2 - 57*i - 12. Determine q(6).
-30
Let a(x) = -2446*x + 19565. Determine a(8).
-3
Let b(t) = -t**3 - 46*t**2 - 30*t - 1383. Determine b(-46).
-3
Let v(j) = -2*j**3 + 178*j**2 - 1581*j + 85. Calculate v(79).
6
Let m(b) = -268*b + 8569. Determine m(32).
-7
Let a(p) = 2*p**2 - 1323*p - 6651. Determine a(-5).
14
Let n(a) = 3*a - 109. What is n(40)?
11
Let o(l) = -9*l**2 + 154*l + 995. What is o(-5)?
0
Let m(h) = 284*h + 5387. Give m(-19).
-9
Let g(p) = -p**3 + 29*p**2 + 5*p - 138. Determine g(29).
7
Let s(p) = -142*p + 23003. Give s(162).
-1
Let u(p) = 56*p - 300. Calculate u(26).
1156
Let p(l) = l**2 + 109*l - 1208. What is p(10)?
-18
Let o(b) = 51*b + 59. Give o(1).
110
Let m(p) = -p**3 - 57*p**2 + 114*p + 3250. What is m(-58)?
2
Let w(k) = -k**3 - 37*k**2 + 48*k + 177. Determine w(-38).
-203
Let o(y) = -y**2 + 61*y + 1155. Determine o(-15).
15
Let p(s) = 23*s**2 + 1710*s + 579. Calculate p(-74).
-13
Let w(k) = 3*k + 26. Give w(24).
98
Let s(z) = -z**3 + 9*z**2 + 13*z + 20. Calculate s(11).
-79
Let i(b) = -7*b**2 - 206*b + 802. What is i(4)?
-134
Let t(y) = -27*y - 10. What is t(-5)?
125
Let t(x) = 42*x - 458. Calculate t(4).
-290
Let q(x) = x**3 - 122*x**2 - 897*x + 10. Give q(-7).
-32
Let d(f) = 8*f - 193. What is d(11)?
-105
Let k(h) = -4*h**2 - 85*h - 147. What is k(-19)?
24
Let p(h) = -17*h**2 + 1194*h - 280. Determine p(70).
0
Let t(b) = b**3 - 23*b**2 - 65*b + 79. What is t(25)?
-296
Let n(r) = -107*r - 233. Determine n(-4).
195
Let p(q) = 15*q**2 - q - 5. Determine p(-2).
57
Let q(m) = -3*m**3 + 7*m**2 + 13*m - 17. Determine q(4).
-45
Let y(k) = 3186*k + 25484. What is y(-8)?
-4
Let z(o) = 1177*o - 4. Give z(0).
-4
Let j(g) = -g**3 + 51*g - 90. Give j(0).
-90
Let m(y) = -y**2 - 42*y - 426. What is m(-25)?
-1
Let u(i) = -i**2 + 131*i - 3415. Calculate u(36).
5
Let d(o) = -945*o + 43468. Calculate d(46).
-2
Let d(n) = -10*n**2 - 102*n + 120. Give d(-11).
32
Let b(i) = 2*i**2 + i - 16. Give b(7).
89
Let z(c) = -5*c**2 + 88*c - 555. What is z(15)?
-360
Let x(l) = l**3 + 33*l**2 + 208*l + 75. Determine x(-24).
267
Let s(o) = -6*o**3 - 2*o**2 - 146*o - 427. Give s(-3).
155
Let j(g) = g**2 - 55*g + 706. Determine j(33).
-20
Let g(a) = 5*a**3 + 7*a**2 + 3*a - 4. Determine g(-2).
-22
Let n(p) = p**3 + 6*p**2 - 19*p - 13. Give n(-9).
-85
Let c(y) = 687*y - 13742. What is c(20)?
-2
Let o(w) = -2327*w - 27919. Determine o(-12).
5
Let r(d) = -d**2 - 44*d + 24. Determine r(-47).
-117
Let y(x) = 3771*x - 11351. Determine y(3).
-38
Let u(f) = -2*f**3 + 164*f**2 - 164*f + 170. Give u(81).
8
Let d(l) = -71*l**3 - 9*l**2 + 26*l - 24. Calculate d(2).
-576
Let q(u) = -1036*u - 9301. Calculate q(-9).
23
Let m(b) = -b**3 + 189. Calculate m(0).
189
Let x(p) = p**3 + p**2 - 636*p - 1897. Determine x(-3).
-7
Let m(o) = 15807*o + 15799. Calculate m(-1).
-8
Let h(z) = z**3 - 46*z**2 + 91*z - 69. Determine h(44).
63
Let l(g) = -243*g + 4130. Calculate l(17).
-1
Let q(a) = a**3 - 3*a**2 - 48*a + 53. Give q(8).
-11
Let i(h) = 4*h**3 - 38*h**2 + 141*h - 13. Determine i(5).
242
Let k(o) = o**3 - 42*o**2 + 111*o + 237. Calculate k(39).
3
Let d(p) = -81*p - 194. Give d(-4).
130
Let m(v) = -v + 309. Give m(51).
258
Let b(p) = 11*p**2 - 59*p - 16. Give b(9).
344
Let q(v) = -5*v**3 - 13*v**2 - 51*v - 99. Give q(-2).
-9
Let u(x) = -1425*x - 5686. What is u(-4)?
14
Let b(k) = k**2 + 25*k - 36. Determine b(0).
-36
Let a(i) = -314*i - 11656. Calculate a(-37).
-38
Let q(j) = 6*j**2 + 81*j + 213. Give q(-9).
-30
Let d(j) = -12*j - 1001. What is d(-82)?
-17
Let o(f) = -105*f + 1651. Calculate o(15).
76
Let i(m) = 44*m**2 + 100*m + 12. Determine i(-2).
-12
Let a(x) = 18*x**2 - 783*x + 3155. Determine a(39).
-4
Let i(b) = -9*b + 103. Calculate i(29).
-158
Let u(v) = -v**3 - v**2 - 3*v + 35. Calculate u(0).
35
Let n(y) = 3329*y + 13. Determine n(0).
13
Let i(c) = 3*c**3 + 14*c**2 - 8*c + 14. Calculate i(-6).
-82
Let b(y) = 12*y**2 - 14*y + 18. Calculate b(2).
38
Let w(m) = m**2 + 38*m + 90. Determine w(-36).
18
Let s(t) = -t**3 - 10*t**2 - 30*t - 110. What is s(-8)?
2
Let f(a) = 3*a**3 - 233*a**2 - 309*a - 500. Calculate f(79).
53
Let x(n) = 194*n - 3337. Determine x(17).
-39
Let i(b) = b**3 - 3*b**2 - 270*b + 30. What is i(0)?
30
Let n(i) = -i**3 + i**2 - 7*i - 46. Determine n(-4).
62
Let g(m) = m**2 - 28*m + 121. Calculate g(5).
6
Let k(z) = -4*z**2 + 35*z - 43. Calculate k(12).
-199
Let f(s) = -s**3 + 30*s**2 - 224*s + 56. What is f(17)?
5
Let s(b) = -b**3 + 14*b**2 + 680*b - 3. Determine s(34).
-3
Let l(v) = -254*v - 2020. What is l(-8)?
12
Let b(d) = -8*d**3 + 365*d**2 - 226*d + 39. Calculate b(45).
-6
Let m(h) = h**2 + 28*h - 29. Determine m(-27).
-56
Let d(t) = 3*t**2 + 187*t - 914. Determine d(-67).
24
Let k(s) = 3*s**2 + 56*s + 79. Determine k(-17).
-6
Let n(x) = x**3 - 54*x**2 - x + 74. What is n(54)?
20
Let b(c) = -746*c + 1491. Determine b(2).
-1
Let p(f) = -f**2 - 22*f + 118. Calculate p(5).
-17
Let m(f) = -11*f + 487. What is m(45)?
-8
Let u(p) = p**3 + 19*p**2 - 52*p - 148. Give u(-21).
62
Let w(i) = 5*i**3 - 27*i**2 + 127*i - 33. Determine w(6).
837
Let x(w) = -20*w + 114. Determine x(3).
54
Let k(n) = n**3 + 71*n**2 - 216*n + 451. Calculate k(-74).
7
Let b(h) = h**2 - 14*h - 689. Give b(30).
-209
Let l(c) = c**3 + 16*c**2 - 12*c - 106. Determine l(-15).
299
Let o(i) = -i**3 - 16*i**2 + 59*i + 34. What is o(-19)?
-4
Let y(b) = -2*b**3 + 2*b**2 - 19*b + 47. What is y(3)?
-46
Let w(l) = -53*l - 45. Give w(-1).
8
Let r(a) = 19*a**3 - 2*a**2 - 255*a + 255. What is r(1)?
17
Let y(q) = -11*q**2 - 1399*q - 1401. What is y(-1)?
-13
Let q(j) = -30*j - 200. Give q(-6).
-20
Let p(j) = 401*j + 2716. Give p(-7).
-91
Let x(k) = -k**2 - 67*k - 922. Give x(-44).
90
Let f(g) = -g**3 - 17*g**2 - 10*g - 137. Determine f(-17).
33
Let q(z) = -3128*z + 21784. Calculate q(7).
-112
Let q(z) = 113*z + 1205. Determine q(-11).
-38
Let x(b) = -72*b - 5049. Calculate x(-70).
-9
Let m(i) = 35*i - 146. Determine m(10).
204
Let h(o) = -1363*o + 5452. Give h(4).
0
Let h(p) = -3*p**3 + 171*p**2 + 176*p - 120. Determine h(58).
-4
Let i(t) = -33*t + 2425. What is i(73)?
16
Let b(o) = 54*o + 329. Determine b(-6).
5
Let v(m) = 53*m**2 + 856*m + 47. What is v(-16)?
-81
Let q(p) = -p**3 + 117*p**2 - 100*p + 11698. Give q(117).
-2
Let s(d) = 20*d + 194. Calculate s(-18).
-166
Let h(r) = -r**2 + 71*r - 41. What is h(0)?
-41
Let g(s) = -4013*s - 24002. Give g(-6).
76
Let c(n) = -12*n - 1023. Calculate c(-80).
-63
Let r(k) = -k**3 + 12*k**2 + 10*k - 32. Determine r(9).
301
Let c(t) 